 Let m(g) = -g**3 + g**2 + g + 6. Let n(c) = z*h(c) + 3*m(c). Give n(0).
8
Suppose 0 = 5*r + 16 - 6. Let m = -84 - -87. Let q(u) = -8*u**2 - 4*u - 3. Let i(o) = -9*o**2 - 5*o - 5. Let h(b) = m*q(b) - 2*i(b). Give h(r).
-19
Let v = 9831 - 9831. Let k(p) = 2*p**3 - p**2 - 3*p - 5. What is k(v)?
-5
Let p be (0 - (-18)/27)*9. Let a(h) = 5*h**2 + 7 - 6*h**2 + 10*h - 9*h**2 + 17*h**2 - p*h**2. Calculate a(-7).
-14
Let a(h) = -h**2 + 1 + 3*h - 2*h + 3*h. Suppose 2*i + o - 31 = 0, -7 = -3*i - 3*o + 38. Suppose 0 = -15*m + i*m + 3. What is a(m)?
-20
Let p be 1*2 + (1 - -1). Suppose 2*k - 4 = -10. Let x(u) = -10*u - 1. Let y(z) = -4*z - 1. Let v(m) = k*x(m) + 7*y(m). Determine v(p).
4
Let z be 10 - 21 - 33/(-3). Let b(f) = f**2 - 6. Determine b(z).
-6
Let q(f) be the first derivative of f**3/3 + 8*f**2 - 55*f - 571. What is q(-19)?
2
Let a(r) = r**3 + r**2 - 3*r + 1. Let k = -5510 + 5513. Give a(k).
28
Let b(a) = 46*a + 6. Let l = 406 - 407. Determine b(l).
-40
Let i(m) = -2*m**3 + 3*m**2 - m + 6. Let d(b) = 33*b + 259. Let t be d(-8). Let n(p) = 3*p**3 - 6*p**2 + p - 11. Let y(a) = t*i(a) - 3*n(a). Calculate y(-2).
3
Let s be (21/14)/(2/(-8)). Let r(f) be the third derivative of 0*f - 1/12*f**4 + 0 - 47*f**2 - 2/3*f**3. Determine r(s).
8
Let g(n) = 2*n - 2. Let r = 22 + -14. Suppose r = -u + 10. What is g(u)?
2
Let m(j) = j - 4. Let l(z) = 4*z - 11. Let a(w) = -4*l(w) + 11*m(w). Suppose p = -4*x - 2*p - 143, -3*p = x + 29. Let s = x + 37. Calculate a(s).
5
Let j(k) = -7*k**2 + 46*k - 25. Let m(a) = 15*a**2 - 101*a + 49. Let p(w) = -13*j(w) - 6*m(w). Give p(-6).
19
Let h(d) = 11*d**2 + 22*d - 8 + 22*d - 64*d + 21*d - d**3. Suppose -8*b + 5*b = 5*r + 40, 4*r = -3*b - 35. Let a be (r - 1 - -17)*(1 + 0). Determine h(a).
3
Let p(f) = -f**2 + 4*f + 11. Let c be p(0). Suppose -13*i - 72 = c*i. Let u(h) = h - 5. Give u(i).
-8
Let n(b) = 7*b - 14. Suppose -3 = 4*k - g, 3*g - 9 = -4*k + 16. What is n(k)?
-7
Let q = 532 - 528. Let o(t) = -7*t - q*t + 2*t - 2 + 6*t - 2*t. What is o(7)?
-37
Suppose -3*u + 304 = 14*u + 21*u. Let p(s) = 11*s - 10. Let c(t) = -5*t + 5. Let w(n) = -9*c(n) - 4*p(n). Calculate w(u).
3
Let r(z) = 0*z**2 - 5*z**2 - 1 - 37*z + 42*z + 472*z**3 - 471*z**3. Suppose 13 = 4*v + 5. Suppose 0 = 3*n - p - 13, -n - p = v*n - 11. Determine r(n).
3
Let k(w) be the third derivative of -3*w**4/4 + 71*w**3/3 - 36*w**2 - 41. Calculate k(8).
-2
Let t(b) = -2*b**2 - 3*b + 1. Let y(h) = 10 + 5 - 5*h - 3*h**2 - 14. Let n(j) = 5*t(j) - 3*y(j). Give n(-5).
-23
Let l(v) = v**2 - 4. Let i(o) = -6*o**2 - 3*o + 18. Let s(a) = -i(a) - 5*l(a). Suppose 15*k - 16 = 14*k. Let g be 2*-4 + k/4. What is s(g)?
6
Suppose -3*n - 11 - 1 = 0. Let h(a) be the third derivative of -a**6/120 + a**3/2 - 90*a**2. Let b(z) = -z**2. Let t(u) = 4*b(u) + h(u). What is t(n)?
3
Suppose -8 + 148 = 5*c. Let v be 624/c + 6/(-21). Suppose 0 = -3*z - 2 - v. Let g(b) = b**3 + 7*b**2 - 10*b - 4. Give g(z).
12
Let q(n) = 39 - 2*n**2 + 0*n**2 - 2*n**2 + 3*n**2 - 10 + 4*n. What is q(8)?
-3
Suppose 6*m = -6*m + 23 + 13. Let p(q) = -q**2 + 2*q - 2. Determine p(m).
-5
Suppose -t + 13 = 2*s - 2*t, -5*s - 3*t = -27. Suppose -16*y + 55 = 23. Let u(o) = -15*o**2 + 4*o**2 - 11 + 3 + 10*o**2 + y*o**2 - 3*o. Give u(s).
10
Let f(g) be the first derivative of -g**4/4 + 7*g**3/3 - 5*g**2/2 - 4*g - 1381. Let v = 10 + -4. Determine f(v).
2
Let d(f) = -2*f + 1. Let j(s) = -4*s**2 + 1. Let r(x) = 4*d(x) + j(x). Let n(m) = -m**2 - 2*m + 1. Let v(h) = 3*n(h) - r(h). Calculate v(-3).
1
Let o(r) = 10*r. Suppose 16 = -6*a + 58. Suppose 7*k - a = 14*k. What is o(k)?
-10
Let u(i) = -i + 25. Let h(v) = 12. Let z(f) = -5*h(f) + 2*u(f). Let p = 3 - 7. Let r(a) = -a**2 + 5. Let b be r(p). What is z(b)?
12
Let a(j) = -j**3 + 22*j**2 - 3*j + 35. Let c be (27 - 9) + 13 - 9. Give a(c).
-31
Let z be ((-20)/(-6))/((-24)/(-36)). Suppose -30 = -z*v - v. Let s(r) = -r**3 + 5*r**2 - r + 6. Determine s(v).
1
Let d(m) = -25*m**2 + 15*m + 1. Let g(t) = 69*t**2 - 43*t - 4. Let z(q) = -11*d(q) - 4*g(q). Give z(7).
5
Let u = 128 + -118. Let n(j) = 7*j - 8 - 6*j + u. What is n(-5)?
-3
Suppose 0 = 2*p - 4*l - 12, 0 = -2*p - 16*l + 15*l - 3. Let s(g) be the second derivative of -18*g + 0 - 1/3*g**3 + p*g**2. What is s(2)?
-4
Suppose 58 = -5*a - 42. Let f(d) be the second derivative of d**4/12 + 11*d**3/3 + 22*d**2 + 330*d. Determine f(a).
4
Suppose 2 = -35*m + 37*m - 4*y, 5*y = 4*m - 1. Let j(v) = -3*v - 3. What is j(m)?
0
Suppose 6*t + 20*t - 28 = -2*t. Let n(c) = 16*c**2 - 2*c + 1. What is n(t)?
15
Let f(j) = 56*j - 218. Let v(u) = -8*u + 33. Let c(a) = 3*f(a) + 20*v(a). Determine c(2).
22
Let w(u) = 61*u - 176. Let a(n) = 996*n - 2905. Let z(b) = 5*a(b) - 83*w(b). Determine z(1).
0
Suppose -368*x = 337*x - 709*x + 4. Let i(r) be the second derivative of 11*r**3/6 + r**2 + 2*r. What is i(x)?
13
Suppose -222 + 51 = -171*r. Let n(l) = 31*l - 2. What is n(r)?
29
Let s(l) = -13*l - 3. Let r(z) = -27*z - 7. Let x(q) = -4*r(q) + 9*s(q). Determine x(-1).
10
Let p(k) = 117*k - 84. Let s(w) = 252*w - 169. Let i(t) = 13*p(t) - 6*s(t). Calculate i(9).
3
Let l be (-2*1 - 0) + (-52 - -56). Let p be -7 + -2 + l + 14. Let b(i) = i**2 - 7*i - 8. What is b(p)?
-8
Let m(l) be the third derivative of -5*l**4/12 - 32*l**3/3 - 1761*l**2. Give m(-6).
-4
Let i(q) = q**2 + 11*q - 5. Suppose -a + 32 = 2*s, s - 3*a = 20 + 3. Suppose s = -15*j - 148. Give i(j).
-5
Let h(j) = 7*j - 222. Let q be h(33). Let w be (q - (2 - -9))*1. Let m(t) be the first derivative of -t**3/3 - t**2/2 + 2*t + 1. Give m(w).
0
Let z = -7858 + 7864. Let t(l) = -9*l + 22. What is t(z)?
-32
Let p(g) = -g**2 + 41*g - 42. Let v be p(1). Let k(o) = -o**2 + 6*o - 1. What is k(v)?
-17
Let s(c) be the second derivative of 3*c - 1 - 1/3*c**3 + 3*c**2. What is s(4)?
-2
Suppose 9*d - 33 = 39. Let s(o) = 24 - d*o + 18 + 18 - 57 - o**2. Give s(-8).
3
Let z(p) = 536*p**2 + 6 - p - 10 - 7 - 535*p**2. Determine z(-2).
-5
Let x(f) = 2*f**2 + f + 4. Let s be x(5). Let d(k) = s - 3*k - 12 - 18 - 17. Give d(8).
-12
Suppose 0 = -45*s + 191*s - 250 - 42. Let h(k) be the second derivative of 7*k**s + 0 + 21*k + 1/6*k**3. What is h(-7)?
7
Let t = -14 + 26. Let h(j) = 16 - j**3 - 3*j - 11 + t*j**2 - 8*j. Calculate h(11).
5
Let o(d) be the second derivative of -2*d**5 + d**4/12 - d**2/2 + 3*d. Let a be o(-1). Let h(p) = -p**2 + 0*p**2 - a*p + 37*p. Calculate h(-4).
-4
Let s(a) = -2967*a + 5933*a - 2968*a + 24. Determine s(13).
-2
Let m(h) = -15*h**3 + 16*h**2 - 23*h - 21. Let w(k) = -13*k**3 + 14*k**2 - 21*k - 19. Let i(o) = -8*m(o) + 9*w(o). Give i(-1).
-3
Let i = -308 + 308. Let u(a) = 31 - a + i*a + 4*a - 21. What is u(-6)?
-8
Let s be (-159)/24 + 32/(4096/(-48)). Let y(c) = c**3 + 5*c**2 - 31*c - 126. What is y(s)?
-7
Suppose 2*i - 2*y - 14 = 0, 4*i - 3*y + 8 = -8*y. Suppose -i*q - 596 = -1553. Let k(f) = 319 + 5*f**2 - q + 4*f + f**3. What is k(-3)?
6
Suppose -33 = -3*l + l + 3*k, -5*l + 65 = -5*k. Let c(w) be the third derivative of w**6/120 - w**5/10 + w**4/12 - 2*w**2. Give c(l).
12
Suppose 33 = n - 11*i + 14*i, 4*i + 70 = 5*n. Suppose -5*s + n - 68 = 0. Let y(j) = 2*j + 5. What is y(s)?
-15
Suppose 4*z + 56 = k, 0 = -4*z - 3*k + 10 - 50. Let q(y) = y + 30. What is q(z)?
17
Let l(b) = 3*b - 68. Let i(h) = 3*h - 78. Let m(q) = 11*i(q) - 12*l(q). Determine m(-15).
3
Let z(i) = 13*i**3 - i. Suppose -3*t = -3*l - 2*l - 17, 4*l + 16 = 3*t. Suppose -t = 5*g - 3*d, 10*g + 1 = 5*g + 2*d. Let m be (-3)/3*3/(-3)*g. Calculate z(m).
12
Let c(b) = -7*b - 182. Let h = 54 + -81. Let r be c(h). Let f(q) = q**3 - 6*q**2 - 9*q - 8. Calculate f(r).
-22
Let l(q) be the second derivative of 2*q**3/3 - 5*q**2/2 + 152*q + 11. What is l(2)?
3
Suppose 27*s - 23*s - 40 = 0. Suppose -s*r + 6*r + 128 = 0. Let w(f) = -3*f - 2*f + 2*f - 33 + r. Calculate w(-3).
8
Let g(y) = 82*y - 41*y + 121 - 36*y. Let m be g(-23). Let x(u) = -u + 12. Calculate x(m).
6
Let m be (1*-4)/((-3)/(-3)). Let x = m - -12. Let s(w) = 37*w + 6. Let i(v) = 99*v + 15. Let p(a) = -3*i(a) + 8*s(a). Calculate p(x).
-5
Let z(x) be the second derivative of 0 + 1/3*x**3 + 87*x + 1/6*x**4 + 2*x**2. Give z(-2).
8
Let b(q) be the third derivative of q**6/360 - q**5/60 + q**4/6 + 65*q**3/6 + 44*q**2. Let r(u) be the first derivative of b(u). Calculate r(-3).
19
Let k(s) = -